{"id":364,"date":"2020-08-27T13:37:17","date_gmt":"2020-08-27T16:37:17","guid":{"rendered":"https:\/\/www.vivaseguro.com.br\/site\/?page_id=364"},"modified":"2020-08-27T14:41:25","modified_gmt":"2020-08-27T17:41:25","slug":"seguro-carta-verde","status":"publish","type":"page","link":"https:\/\/www.vivaseguro.com.br\/site\/seguro-carta-verde\/","title":{"rendered":"Seguro Carta Verde"},"content":{"rendered":"<p>[et_pb_section fb_built=&#8221;1&#8243; admin_label=&#8221;Hero&#8221; _builder_version=&#8221;4.5.7&#8243; background_color=&#8221;#003bde&#8221; use_background_color_gradient=&#8221;on&#8221; background_color_gradient_start=&#8221;#333333&#8243; background_color_gradient_end=&#8221;rgba(222,22,34,0.54)&#8221; background_color_gradient_direction=&#8221;160deg&#8221; background_color_gradient_overlays_image=&#8221;on&#8221; background_image=&#8221;https:\/\/www.vivaseguro.com.br\/site\/wp-content\/uploads\/2020\/08\/Carta-Verde-1.jpg&#8221; min_height=&#8221;558px&#8221; custom_padding=&#8221;0px|0px|0px|0px|true|false&#8221; bottom_divider_style=&#8221;asymmetric3&#8243; bottom_divider_color=&#8221;#ffffff&#8221; hover_enabled=&#8221;0&#8243; title_text=&#8221;Carta Verde&#8221;][et_pb_row column_structure=&#8221;1_2,1_2&#8243; _builder_version=&#8221;4.5.7&#8243;][et_pb_column type=&#8221;1_2&#8243; _builder_version=&#8221;4.5.7&#8243; custom_padding=&#8221;15%||||false|false&#8221; custom_padding__hover=&#8221;|||&#8221;][et_pb_text _builder_version=&#8221;4.5.7&#8243; text_font=&#8221;Montserrat|300|||||||&#8221; text_font_size=&#8221;16px&#8221; text_line_height=&#8221;2em&#8221; header_font=&#8221;||||||||&#8221; header_font_size=&#8221;40px&#8221; header_line_height=&#8221;1.4em&#8221; background_layout=&#8221;dark&#8221; max_width=&#8221;600px&#8221; custom_margin=&#8221;||30px|&#8221; custom_margin_last_edited=&#8221;off|desktop&#8221; header_font_size_tablet=&#8221;30px&#8221; header_font_size_phone=&#8221;24px&#8221; header_font_size_last_edited=&#8221;on|desktop&#8221;]<\/p>\n<h1>Seguro Carta Verde<\/h1>\n<p>[\/et_pb_text][et_pb_text _builder_version=&#8221;4.5.7&#8243; text_font=&#8221;Montserrat|300|||||||&#8221; text_font_size=&#8221;16px&#8221; text_line_height=&#8221;2em&#8221; header_font=&#8221;||||||||&#8221; header_font_size=&#8221;40px&#8221; header_line_height=&#8221;1.4em&#8221; background_layout=&#8221;dark&#8221; max_width=&#8221;600px&#8221; custom_margin=&#8221;||30px|&#8221; custom_margin_last_edited=&#8221;off|desktop&#8221; header_font_size_tablet=&#8221;30px&#8221; header_font_size_phone=&#8221;24px&#8221; header_font_size_last_edited=&#8221;on|desktop&#8221;]<\/p>\n<p>O Carta Verde \u00e9 um seguro obrigat\u00f3rio para ve\u00edculos, de passeio ou aluguel, registrados no Brasil, que estejam em viagem internacional pelo Mercosul (Argentina, Paraguai e Uruguai). Esse seguro garante cobertura de Responsabilidade Civil Facultativa, que cobre o pagamento de suas despesas caso voc\u00ea tenha sido respons\u00e1vel por algum acidente que resulte em danos materiais ou corporais a terceiros.<\/p>\n<p>[\/et_pb_text][\/et_pb_column][et_pb_column type=&#8221;1_2&#8243; _builder_version=&#8221;3.25&#8243; custom_padding=&#8221;|||&#8221; custom_padding__hover=&#8221;|||&#8221;][et_pb_code _builder_version=&#8221;4.5.7&#8243; _module_preset=&#8221;default&#8221; background_color=&#8221;#ffffff&#8221; custom_padding=&#8221;5%|5%|5%|5%|true|true&#8221; border_radii=&#8221;on|15px|15px|15px|15px&#8221;]<div id=\"quform-cfd170\" class=\"quform quform-3 quform-support-page-caching\"><form id=\"quform-form-cfd170\" class=\"quform-form quform-form-3\" action=\"\/site\/wp-json\/wp\/v2\/pages\/364#quform-cfd170\" method=\"post\" enctype=\"multipart\/form-data\" novalidate=\"novalidate\" data-options=\"{&quot;id&quot;:3,&quot;uniqueId&quot;:&quot;cfd170&quot;,&quot;theme&quot;:&quot;&quot;,&quot;ajax&quot;:true,&quot;logic&quot;:{&quot;logic&quot;:[],&quot;dependents&quot;:[],&quot;elementIds&quot;:[],&quot;dependentElementIds&quot;:[],&quot;animate&quot;:true},&quot;currentPageId&quot;:1,&quot;errorsIcon&quot;:&quot;&quot;,&quot;updateFancybox&quot;:true,&quot;hasPages&quot;:false,&quot;pages&quot;:[1],&quot;pageProgressType&quot;:&quot;numbers&quot;,&quot;tooltipsEnabled&quot;:true,&quot;tooltipClasses&quot;:&quot;qtip-quform-dark qtip-shadow&quot;,&quot;tooltipMy&quot;:&quot;left center&quot;,&quot;tooltipAt&quot;:&quot;right center&quot;,&quot;isRtl&quot;:false,&quot;scrollOffset&quot;:-50,&quot;scrollSpeed&quot;:800}\"><button class=\"quform-default-submit\" name=\"quform_submit\" type=\"submit\" value=\"submit\"><\/button><div class=\"quform-form-inner quform-form-inner-3\"><input type=\"hidden\" name=\"quform_form_id\" value=\"3\" \/><input type=\"hidden\" name=\"quform_form_uid\" value=\"cfd170\" \/><input type=\"hidden\" name=\"quform_count\" value=\"1\" \/><input type=\"hidden\" name=\"form_url\" value=\"https:\/\/www.vivaseguro.com.br\/site\/wp-json\/wp\/v2\/pages\/364\" \/><input type=\"hidden\" name=\"referring_url\" value=\"\" \/><input type=\"hidden\" name=\"post_id\" value=\"\" \/><input type=\"hidden\" name=\"post_title\" value=\"\" \/><input type=\"hidden\" name=\"quform_current_page_id\" value=\"1\" \/><input type=\"hidden\" name=\"quform_csrf_token\" value=\"h4NxvskB4czDRNZ2JGlXnfB4StM2D0vICUFXZYyw\" \/><div class=\"quform-elements quform-elements-3 quform-cf quform-responsive-elements-phone-landscape\"><div class=\"quform-element quform-element-page quform-page-1 quform-page-3_1 quform-cf quform-group-style-plain quform-first-page quform-last-page quform-current-page\"><div class=\"quform-child-elements\"><div class=\"quform-element quform-element-row quform-element-row-3_10 quform-1-columns quform-element-row-size-fixed quform-responsive-columns-phone-landscape\"><div class=\"quform-element quform-element-column quform-element-3_11\"><div class=\"quform-element quform-element-text quform-element-3_15 quform-cf quform-labels-inside quform-element-required\"><div class=\"quform-spacer\"><div class=\"quform-label quform-label-3_15\"><label class=\"quform-label-text\" for=\"quform_3_15_cfd170\">Nome<span class=\"quform-required\">*<\/span><\/label><\/div><div class=\"quform-inner quform-inner-text quform-inner-3_15\"><div class=\"quform-input quform-input-text quform-input-3_15 quform-cf\"><input type=\"text\" id=\"quform_3_15_cfd170\" name=\"quform_3_15\" class=\"quform-field quform-field-text quform-field-3_15\" \/><\/div><\/div><\/div><\/div><\/div><\/div><div class=\"quform-element quform-element-row quform-element-row-3_3 quform-2-columns quform-element-row-size-fixed quform-responsive-columns-phone-landscape\"><div class=\"quform-element quform-element-column quform-element-3_4\"><div class=\"quform-element quform-element-email quform-element-3_16 quform-cf quform-labels-inside quform-element-required\"><div class=\"quform-spacer\"><div class=\"quform-label quform-label-3_16\"><label class=\"quform-label-text\" for=\"quform_3_16_cfd170\">Endere\u00e7o de e-mail<span class=\"quform-required\">*<\/span><\/label><\/div><div class=\"quform-inner quform-inner-email quform-inner-3_16\"><div class=\"quform-input quform-input-email quform-input-3_16 quform-cf\"><input type=\"email\" id=\"quform_3_16_cfd170\" name=\"quform_3_16\" class=\"quform-field quform-field-email quform-field-3_16\" \/><\/div><\/div><\/div><\/div><\/div><div class=\"quform-element quform-element-column quform-element-3_5\"><div class=\"quform-element quform-element-text quform-element-3_17 quform-cf quform-labels-inside quform-element-required\"><div class=\"quform-spacer\"><div class=\"quform-label quform-label-3_17\"><label class=\"quform-label-text\" for=\"quform_3_17_cfd170\">Celular\/Telefone<span class=\"quform-required\">*<\/span><\/label><\/div><div class=\"quform-inner quform-inner-text quform-inner-3_17\"><div class=\"quform-input quform-input-text quform-input-3_17 quform-cf\"><input type=\"text\" id=\"quform_3_17_cfd170\" name=\"quform_3_17\" class=\"quform-field quform-field-text quform-field-3_17\" \/><\/div><\/div><\/div><\/div><\/div><\/div><div class=\"quform-element quform-element-row quform-element-row-3_25 quform-1-columns quform-element-row-size-fixed quform-responsive-columns-phone-landscape\"><div class=\"quform-element quform-element-column quform-element-3_26\"><div class=\"quform-element quform-element-text quform-element-3_39 quform-cf quform-labels-inside quform-element-required\"><div class=\"quform-spacer\"><div class=\"quform-label quform-label-3_39\"><label class=\"quform-label-text\" for=\"quform_3_39_cfd170\">Destino<span class=\"quform-required\">*<\/span><\/label><\/div><div class=\"quform-inner quform-inner-text quform-inner-3_39\"><div class=\"quform-input quform-input-text quform-input-3_39 quform-cf\"><input type=\"text\" id=\"quform_3_39_cfd170\" name=\"quform_3_39\" class=\"quform-field quform-field-text quform-field-3_39\" \/><\/div><\/div><\/div><\/div><\/div><\/div><div class=\"quform-element quform-element-row quform-element-row-3_13 quform-1-columns quform-element-row-size-fixed quform-responsive-columns-phone-landscape\"><div class=\"quform-element quform-element-column quform-element-3_14\"><div class=\"quform-element quform-element-textarea quform-element-3_19 quform-cf quform-labels-inside quform-element-optional\"><div class=\"quform-spacer\"><div class=\"quform-label quform-label-3_19\"><label class=\"quform-label-text\" for=\"quform_3_19_cfd170\">Observa\u00e7\u00e3o<\/label><\/div><div class=\"quform-inner quform-inner-textarea quform-inner-3_19\"><div class=\"quform-input quform-input-textarea quform-input-3_19 quform-cf\"><textarea id=\"quform_3_19_cfd170\" name=\"quform_3_19\" class=\"quform-field quform-field-textarea quform-field-3_19\"><\/textarea><\/div><\/div><\/div><\/div><\/div><\/div><div class=\"quform-element quform-element-captcha quform-element-3_40 quform-cf quform-labels-inside quform-element-required\"><div class=\"quform-spacer\"><div class=\"quform-label quform-label-3_40\"><label class=\"quform-label-text\" for=\"quform_3_40_cfd170\">Por favor, digite os caracteres<span class=\"quform-required\">*<\/span><\/label><\/div><div class=\"quform-inner quform-inner-captcha quform-inner-3_40\"><div class=\"quform-input quform-input-captcha quform-input-3_40 quform-cf\"><input type=\"text\" id=\"quform_3_40_cfd170\" name=\"quform_3_40\" class=\"quform-field quform-field-captcha quform-field-3_40\" \/><\/div><div class=\"quform-captcha quform-cf\"><div class=\"quform-captcha-image quform-captcha-image-3_40\"><img loading=\"lazy\" decoding=\"async\" src=\"data:image\/png;base64,iVBORw0KGgoAAAANSUhEUgAAAOYAAABQBAMAAAD\/1xTgAAAAG1BMVEX\/\/\/8iIiLj4+PHx8eQkJBZWVl0dHSsrKw9PT17LQDVAAAACXBIWXMAAA7EAAAOxAGVKw4bAAAD40lEQVRoge1XS1faQBQOCSZZeq3RLEHUsoRij13KOVRdSi2UpVHhdCmgxaXR2vqzO+\/MTSLh9JieLuZb8Lhk5pv7+uZiWQYGBgYGBgal4EPJ++9kTZ\/gS5mMB304yhhjCGtlMgK8S1sdYrwokxFgK223iXGjFEaPMxLUJFfLunsZzmk+s86\/CeqM79ctqIROgyY1hYO4LM42ZZxZVgQPwqIcz0vyCsjpgAxnMKPvdZU7nXN92dLq82DSylj34KaIsy6Kx1U12gX49iPmnBfJg\/Z4MJz0eot5R0pFOycQByOAsyLOCgT8Q0da2hCq0tLcWEu8\/8ktU\/JxG+\/2sTA4Yivy6txez6TFZ57bnwc9eRxhTlBjlmaGc4\/9mjpHFi7dYZ+G8lxZAsmit6fGKVu5McWxteP8Tk\/DIwGsouR50o8IyZAPwWLRO55A0lWkGBAnidnWySkL3FIQhZvF6Pi22NRJZIJzMq9JXDaVrY2FagpBjTqbLWYMwjASAiDPD7xVfW1zixYb2z8CrRcoZyfpxz48Mmb9qLlgHpLjRUpdYx6xRCUEJ61HF5XIFNaJIRyOhy2+kLaJM7OKQJoioAfzVND67IMD+HrjnMhNylnhedngnOiUryOSTRzJeuXV6ON0WlX6mItVoKs4t8UO88XxSPbv6+hKqrYsODc80u0SO\/yALbT2wZvEys+6bKYiJWqzxHPHxH7MvxiXED8NvRA0UsJJcxJ86LAlDqN\/LlaFqhxA1lCqnLxLJaJ7BjXt+xm1Xcjv3vh6XiP6FGRWptFQnJoL1RxOj0fuSefcy3rlUsFejnsx3vlpSc8MJkLmk8msD1dkUEtW3T\/xjYo4HSlAdSRafg6nE3PtUCXSBzxL8KBGhYpLDh+KDVLXCOZ0xpf0ze5qLOzC01axSN0Vj24VsSqVQD+dz64Iva1dHMTLUJcO0qCTPkDOrIxBNn\/kz6euEczpqZhqjUs4j\/rac3VNIJaBK6hzCrjC1wD3J62fB7GxKhFaw3WtpniRac30Cui4Hr7QZ9G\/Ezd191aUn4jzhgbgTFtEJpdCSpYoBiw7HuCKJ2ETTdFOAsJSHCWx9CBsrPRnzuNX9iY+ng1Y4ytKpSJ1OptxNpO+tuNCNZCk34kPV2lrjOXclyG0ZXHZI5KRrzPrPUjFJn83nqxVsZMze3cxZ1XWWFOSuzwlu\/RlcLky1zKklJrOdL\/J+66aesXk1l5t1lsJdup\/Ad07uB4nxSYmS96TxTfJ38CJ5Y0sbzy7cXjbu\/IGVIOzd+2bYF9Qnmd\/svmdXQJ2maeZAi8X9uHJovZvKQ0MDAwMDAwMDAz+V\/wB+h+b174h4YEAAAAASUVORK5CYII=\" alt=\"CAPTCHA image\" data-element-id=\"40\" width=\"115\" height=\"40\" \/><\/div><\/div><p class=\"quform-description quform-description-below\">Isso nos ajuda a evitar spam, obrigado.<\/p><\/div><\/div><\/div><div class=\"quform-element quform-element-submit quform-element-3_2 quform-cf\"><div class=\"quform-button-submit quform-button-submit-default quform-button-submit-3_2\" data-animation=\"one\"><button name=\"quform_submit\" type=\"submit\" class=\"quform-submit\" value=\"submit\"><span class=\"quform-button-text quform-button-submit-text\">Enviar<\/span><\/button><\/div><div class=\"quform-loading quform-loading-position-left quform-loading-type-spinner-1\"><div class=\"quform-loading-inner\"><div class=\"quform-loading-spinner\"><div class=\"quform-loading-spinner-inner\"><\/div><\/div><\/div><\/div><\/div><div class=\"quform-element-tree\"><label for=\"quform_3_0_cfd170\">Este campo deve ser deixado em branco<\/label><input type=\"text\" id=\"quform_3_0_cfd170\" name=\"quform_3_0\" class=\"quform-field quform-field-tree quform-field-3_0\" tabindex=\"-1\" autocomplete=\"off\" \/><\/div><\/div><\/div><\/div><\/div><\/form><\/div>[\/et_pb_code][\/et_pb_column][\/et_pb_row][\/et_pb_section][et_pb_section fb_built=&#8221;1&#8243; _builder_version=&#8221;4.5.7&#8243; _module_preset=&#8221;default&#8221; custom_padding=&#8221;2px|||||&#8221;][et_pb_row _builder_version=&#8221;4.5.7&#8243; _module_preset=&#8221;default&#8221; width=&#8221;100%&#8221; max_width=&#8221;100%&#8221; custom_margin=&#8221;0px||0px||true|true&#8221; custom_padding=&#8221;0px||0px||true|true&#8221;][et_pb_column type=&#8221;4_4&#8243; _builder_version=&#8221;4.5.7&#8243; _module_preset=&#8221;default&#8221;][et_pb_text _builder_version=&#8221;4.5.7&#8243; _module_preset=&#8221;default&#8221; text_font_size=&#8221;16px&#8221; text_line_height=&#8221;1.9em&#8221; custom_margin=&#8221;0px|0px|0px|0px|true|true&#8221; custom_padding=&#8221;0px|0px|0px|0px|true|true&#8221;]<\/p>\n<div id=\"content-wrapper\">\n<div class=\"container\">\n<div class=\"row clearfix\">\n<div class=\"col-md-12 column seguros-conteudo\">\n<div id=\"container\">\n<div id=\"panels-seguros\">\n<div class=\"panel-wrapper\">\n<div class=\"panel-seguros\">\n<h2 style=\"text-align: justify;\">Defini\u00e7\u00e3o<\/h2>\n<p style=\"text-align: justify;\">Seguro obrigat\u00f3rio para os ve\u00edculos brasileiros em viagens internacionais, no \u00e2mbito do Mercosul.<\/p>\n<h2 style=\"text-align: justify;\">Coberturas<\/h2>\n<p style=\"text-align: justify;\">Garante ao segurado cobertura de responsabilidade civil facultativa, cobrindo danos materiais e danos corporais causados a terceiros n\u00e3o transportados pelo ve\u00edculo do segurado, nos limites estabelecidos na ap\u00f3lice.<\/p>\n<h2 style=\"text-align: justify;\">Indeniza\u00e7\u00e3o<\/h2>\n<p style=\"text-align: justify;\">Reembolso ao segurado, at\u00e9 a import\u00e2ncia segurada, das quantias que tiver de pagar por ser civilmente respons\u00e1vel por acidente que causar:<\/p>\n<ul>\n<li style=\"text-align: justify;\">\n<p>Morte, invalidez permanente e despesas m\u00e9dico-hospitalares;<\/p>\n<\/li>\n<li>\n<p style=\"text-align: justify;\">Danos materiais<\/p>\n<\/li>\n<\/ul>\n<\/div>\n<\/div>\n<\/div>\n<\/div>\n<\/div>\n<\/div>\n<\/div>\n<\/div>\n<p>[\/et_pb_text][\/et_pb_column][\/et_pb_row][\/et_pb_section]<\/p>\n","protected":false},"excerpt":{"rendered":"<p>Seguro Carta VerdeO Carta Verde \u00e9 um seguro obrigat\u00f3rio para ve\u00edculos, de passeio ou aluguel, registrados no Brasil, que estejam em viagem internacional pelo Mercosul (Argentina, Paraguai e Uruguai). Esse seguro garante cobertura de Responsabilidade Civil Facultativa, que cobre o pagamento de suas despesas caso voc\u00ea tenha sido respons\u00e1vel por algum acidente que resulte em [&hellip;]<\/p>\n","protected":false},"author":1,"featured_media":0,"parent":0,"menu_order":0,"comment_status":"closed","ping_status":"closed","template":"","meta":{"_et_pb_use_builder":"on","_et_pb_old_content":"","_et_gb_content_width":"","footnotes":""},"yoast_head":"<!-- This site is optimized with the Yoast SEO plugin v22.9 - https:\/\/yoast.com\/wordpress\/plugins\/seo\/ -->\n<title>Seguro Carta Verde - Vivaseguro<\/title>\n<meta name=\"robots\" content=\"index, follow, max-snippet:-1, max-image-preview:large, max-video-preview:-1\" \/>\n<link rel=\"canonical\" href=\"https:\/\/www.vivaseguro.com.br\/site\/seguro-carta-verde\/\" \/>\n<meta property=\"og:locale\" content=\"pt_BR\" \/>\n<meta property=\"og:type\" content=\"article\" \/>\n<meta property=\"og:title\" content=\"Seguro Carta Verde - Vivaseguro\" \/>\n<meta property=\"og:description\" content=\"Seguro Carta VerdeO Carta Verde \u00e9 um seguro obrigat\u00f3rio para ve\u00edculos, de passeio ou aluguel, registrados no Brasil, que estejam em viagem internacional pelo Mercosul (Argentina, Paraguai e Uruguai). Esse seguro garante cobertura de Responsabilidade Civil Facultativa, que cobre o pagamento de suas despesas caso voc\u00ea tenha sido respons\u00e1vel por algum acidente que resulte em [&hellip;]\" \/>\n<meta property=\"og:url\" content=\"https:\/\/www.vivaseguro.com.br\/site\/seguro-carta-verde\/\" \/>\n<meta property=\"og:site_name\" content=\"Vivaseguro\" \/>\n<meta property=\"article:modified_time\" content=\"2020-08-27T17:41:25+00:00\" \/>\n<meta name=\"twitter:card\" content=\"summary_large_image\" \/>\n<meta name=\"twitter:label1\" content=\"Est. tempo de leitura\" \/>\n\t<meta name=\"twitter:data1\" content=\"3 minutos\" \/>\n<script type=\"application\/ld+json\" class=\"yoast-schema-graph\">{\"@context\":\"https:\/\/schema.org\",\"@graph\":[{\"@type\":\"WebPage\",\"@id\":\"https:\/\/www.vivaseguro.com.br\/site\/seguro-carta-verde\/\",\"url\":\"https:\/\/www.vivaseguro.com.br\/site\/seguro-carta-verde\/\",\"name\":\"Seguro Carta Verde - Vivaseguro\",\"isPartOf\":{\"@id\":\"https:\/\/www.vivaseguro.com.br\/site\/#website\"},\"datePublished\":\"2020-08-27T16:37:17+00:00\",\"dateModified\":\"2020-08-27T17:41:25+00:00\",\"breadcrumb\":{\"@id\":\"https:\/\/www.vivaseguro.com.br\/site\/seguro-carta-verde\/#breadcrumb\"},\"inLanguage\":\"pt-BR\",\"potentialAction\":[{\"@type\":\"ReadAction\",\"target\":[\"https:\/\/www.vivaseguro.com.br\/site\/seguro-carta-verde\/\"]}]},{\"@type\":\"BreadcrumbList\",\"@id\":\"https:\/\/www.vivaseguro.com.br\/site\/seguro-carta-verde\/#breadcrumb\",\"itemListElement\":[{\"@type\":\"ListItem\",\"position\":1,\"name\":\"In\u00edcio\",\"item\":\"https:\/\/www.vivaseguro.com.br\/site\/\"},{\"@type\":\"ListItem\",\"position\":2,\"name\":\"Seguro Carta Verde\"}]},{\"@type\":\"WebSite\",\"@id\":\"https:\/\/www.vivaseguro.com.br\/site\/#website\",\"url\":\"https:\/\/www.vivaseguro.com.br\/site\/\",\"name\":\"Vivaseguro\",\"description\":\"Pretendemos facilitar a comunica\u00e7\u00e3o tornando mais r\u00e1pida e eficientes a nossa troca de informa\u00e7\u00f5es. Sinta-se a vontade, navegue por nosso site, descubra o que mais a Vivaseguro Corretora de Seguros gostaria de oferecer para Voc\u00ea e para sua Empresa. Ou se preferir nos d\u00ea a honra da sua visita em nosso escrit\u00f3rio.\",\"potentialAction\":[{\"@type\":\"SearchAction\",\"target\":{\"@type\":\"EntryPoint\",\"urlTemplate\":\"https:\/\/www.vivaseguro.com.br\/site\/?s={search_term_string}\"},\"query-input\":\"required name=search_term_string\"}],\"inLanguage\":\"pt-BR\"}]}<\/script>\n<!-- \/ Yoast SEO plugin. -->","yoast_head_json":{"title":"Seguro Carta Verde - Vivaseguro","robots":{"index":"index","follow":"follow","max-snippet":"max-snippet:-1","max-image-preview":"max-image-preview:large","max-video-preview":"max-video-preview:-1"},"canonical":"https:\/\/www.vivaseguro.com.br\/site\/seguro-carta-verde\/","og_locale":"pt_BR","og_type":"article","og_title":"Seguro Carta Verde - Vivaseguro","og_description":"Seguro Carta VerdeO Carta Verde \u00e9 um seguro obrigat\u00f3rio para ve\u00edculos, de passeio ou aluguel, registrados no Brasil, que estejam em viagem internacional pelo Mercosul (Argentina, Paraguai e Uruguai). Esse seguro garante cobertura de Responsabilidade Civil Facultativa, que cobre o pagamento de suas despesas caso voc\u00ea tenha sido respons\u00e1vel por algum acidente que resulte em [&hellip;]","og_url":"https:\/\/www.vivaseguro.com.br\/site\/seguro-carta-verde\/","og_site_name":"Vivaseguro","article_modified_time":"2020-08-27T17:41:25+00:00","twitter_card":"summary_large_image","twitter_misc":{"Est. tempo de leitura":"3 minutos"},"schema":{"@context":"https:\/\/schema.org","@graph":[{"@type":"WebPage","@id":"https:\/\/www.vivaseguro.com.br\/site\/seguro-carta-verde\/","url":"https:\/\/www.vivaseguro.com.br\/site\/seguro-carta-verde\/","name":"Seguro Carta Verde - Vivaseguro","isPartOf":{"@id":"https:\/\/www.vivaseguro.com.br\/site\/#website"},"datePublished":"2020-08-27T16:37:17+00:00","dateModified":"2020-08-27T17:41:25+00:00","breadcrumb":{"@id":"https:\/\/www.vivaseguro.com.br\/site\/seguro-carta-verde\/#breadcrumb"},"inLanguage":"pt-BR","potentialAction":[{"@type":"ReadAction","target":["https:\/\/www.vivaseguro.com.br\/site\/seguro-carta-verde\/"]}]},{"@type":"BreadcrumbList","@id":"https:\/\/www.vivaseguro.com.br\/site\/seguro-carta-verde\/#breadcrumb","itemListElement":[{"@type":"ListItem","position":1,"name":"In\u00edcio","item":"https:\/\/www.vivaseguro.com.br\/site\/"},{"@type":"ListItem","position":2,"name":"Seguro Carta Verde"}]},{"@type":"WebSite","@id":"https:\/\/www.vivaseguro.com.br\/site\/#website","url":"https:\/\/www.vivaseguro.com.br\/site\/","name":"Vivaseguro","description":"Pretendemos facilitar a comunica\u00e7\u00e3o tornando mais r\u00e1pida e eficientes a nossa troca de informa\u00e7\u00f5es. Sinta-se a vontade, navegue por nosso site, descubra o que mais a Vivaseguro Corretora de Seguros gostaria de oferecer para Voc\u00ea e para sua Empresa. Ou se preferir nos d\u00ea a honra da sua visita em nosso escrit\u00f3rio.","potentialAction":[{"@type":"SearchAction","target":{"@type":"EntryPoint","urlTemplate":"https:\/\/www.vivaseguro.com.br\/site\/?s={search_term_string}"},"query-input":"required name=search_term_string"}],"inLanguage":"pt-BR"}]}},"_links":{"self":[{"href":"https:\/\/www.vivaseguro.com.br\/site\/wp-json\/wp\/v2\/pages\/364"}],"collection":[{"href":"https:\/\/www.vivaseguro.com.br\/site\/wp-json\/wp\/v2\/pages"}],"about":[{"href":"https:\/\/www.vivaseguro.com.br\/site\/wp-json\/wp\/v2\/types\/page"}],"author":[{"embeddable":true,"href":"https:\/\/www.vivaseguro.com.br\/site\/wp-json\/wp\/v2\/users\/1"}],"replies":[{"embeddable":true,"href":"https:\/\/www.vivaseguro.com.br\/site\/wp-json\/wp\/v2\/comments?post=364"}],"version-history":[{"count":6,"href":"https:\/\/www.vivaseguro.com.br\/site\/wp-json\/wp\/v2\/pages\/364\/revisions"}],"predecessor-version":[{"id":378,"href":"https:\/\/www.vivaseguro.com.br\/site\/wp-json\/wp\/v2\/pages\/364\/revisions\/378"}],"wp:attachment":[{"href":"https:\/\/www.vivaseguro.com.br\/site\/wp-json\/wp\/v2\/media?parent=364"}],"curies":[{"name":"wp","href":"https:\/\/api.w.org\/{rel}","templated":true}]}}